e
Is 521796212 a multiple of 974?
False
Is 534 a factor of 2995518934?
False
Does 20 divide 411102742?
False
Is 9085014 a multiple of 83?
True
Is 184 a factor of 2361992544?
True
Is 4730709 a multiple of 391?
True
Is 266157864 a multiple of 14?
True
Is 85 a factor of 23481930?
True
Is 1925781947 a multiple of 153?
False
Does 385 divide 440881016?
False
Is 304 a factor of 369110112?
True
Does 186 divide 341696864?
False
Does 1367 divide 1308824581?
True
Does 13 divide 2931853834?
True
Is 24689365 a multiple of 17?
False
Does 347 divide 59115267?
True
Does 1511 divide 23713634?
True
Is 8461 a factor of 2200672256?
True
Is 10190459 a multiple of 26?
False
Does 530 divide 1988030?
True
Does 9075 divide 4257283387?
False
Is 343177968 a multiple of 4?
True
Is 525 a factor of 29774850?
True
Does 218 divide 52571354?
True
Is 446 a factor of 2339469362?
True
Is 101132596 a multiple of 30?
False
Is 586 a factor of 652182522?
False
Is 70684467 a multiple of 2076?
False
Does 14 divide 207844278?
False
Is 49 a factor of 457770397?
True
Does 23 divide 164644419?
True
Is 82 a factor of 304586458?
True
Is 14 a factor of 39053056?
True
Is 84666059 a multiple of 23?
True
Is 501 a factor of 2045701?
False
Does 16 divide 32401287?
False
Is 4042412568 a multiple of 81?
True
Is 1132 a factor of 93087756?
True
Is 508240165 a multiple of 2?
False
Is 170 a factor of 117168295?
False
Is 43 a factor of 1478149514?
False
Does 1966 divide 18929595?
False
Is 10 a factor of 23845245?
False
Does 7 divide 601044414?
False
Does 14 divide 33032597?
False
Is 3896512210 a multiple of 6470?
True
Is 468098574 a multiple of 16?
False
Does 18 divide 21538475?
False
Is 204 a factor of 36423032?
False
Is 10 a factor of 55327405?
False
Is 946 a factor of 52025717?
False
Is 78 a factor of 16804788?
True
Is 163540664 a multiple of 3415?
False
Is 111417438 a multiple of 706?
False
Does 3041 divide 80914082?
False
Is 253 a factor of 112423321?
False
Is 516 a factor of 589735116?
False
Does 296 divide 7354416?
True
Is 55188326 a multiple of 314?
True
Is 17 a factor of 551924958?
True
Does 116 divide 33096656?
True
Does 5 divide 9863850?
True
Is 3163305 a multiple of 328?
False
Is 240 a factor of 20017680?
True
Is 38 a factor of 39578582?
False
Is 1064 a factor of 9171680?
True
Is 5 a factor of 1019994204?
False
Is 255 a factor of 103974909?
False
Does 6 divide 10349002?
False
Does 69 divide 450870012?
True
Does 99 divide 28690927?
False
Is 212518520 a multiple of 360?
False
Is 32 a factor of 115955648?
True
Is 8202 a factor of 2290361992?
False
Does 14 divide 55012930?
True
Does 429 divide 801362025?
False
Is 2225959988 a multiple of 254?
True
Does 21 divide 21707679?
True
Is 177325756 a multiple of 37?
True
Does 20 divide 2143450558?
False
Is 94 a factor of 1317498893?
False
Is 188715722 a multiple of 26?
True
Does 93 divide 79977861?
True
Is 10 a factor of 45389810?
True
Is 72 a factor of 170651664?
True
Does 177 divide 653858587?
False
Is 1593 a factor of 28465317?
True
Does 1648 divide 494709824?
True
Is 333 a factor of 41458500?
True
Is 1130861872 a multiple of 132?
False
Does 481 divide 489893827?
False
Is 5218 a factor of 1406001097?
False
Is 21 a factor of 24807783?
True
Is 673 a factor of 94125780?
True
Is 14 a factor of 53552197?
False
Is 64997590 a multiple of 225?
False
Does 16 divide 51019223?
False
Is 378784125 a multiple of 1725?
True
Does 4 divide 32313516?
True
Is 164 a factor of 273083286?
False
Does 24 divide 1711152152?
False
Is 56126785 a multiple of 1516?
False
Does 113 divide 8946634?
False
Is 127141683 a multiple of 9?
False
Is 60 a factor of 8489567?
False
Is 3 a factor of 37262661?
True
Is 8 a factor of 5275870?
False
Does 2 divide 227966?
True
Does 574 divide 40409578?
False
Is 186 a factor of 1360760353?
False
Is 1157708 a multiple of 19?
True
Is 2056808565 a multiple of 1323?
True
Does 427 divide 52950512?
False
Is 229930358 a multiple of 14?
True
Is 41333864 a multiple of 26?
True
Is 16273974 a multiple of 20?
False
Is 53560544 a multiple of 84?
False
Does 1310 divide 399720300?
True
Is 924 a factor of 4095004?
False
Does 288 divide 6682632480?
True
Is 167 a factor of 39046771?
True
Does 2999 divide 144554799?
True
Is 207 a factor of 22632288?
False
Does 353 divide 8248198?
True
Is 1006166 a multiple of 49?
True
Does 4877 divide 558618277?
False
Is 109178847 a multiple of 81?
True
Is 11 a factor of 2669073?
True
Does 57 divide 16472658?
True
Does 81 divide 99473346?
True
Does 5628 divide 4276942320?
True
Does 9 divide 25281846?
True
Is 2750425467 a multiple of 6?
False
Is 15 a factor of 460716478?
False
Is 529777773 a multiple of 27?
True
Does 468 divide 4620183516?
True
Does 74 divide 402519949?
False
Is 17 a factor of 35088258?
False
Is 155113462 a multiple of 223?
False
Is 41 a factor of 150879441?
False
Is 43896896 a multiple of 55?
False
Is 6 a factor of 25054014?
True
Is 512786747 a multiple of 11?
True
Is 17 a factor of 17802727?
False
Is 887 a factor of 1007917614?
True
Does 352 divide 37410912?
True
Is 921664640 a multiple of 160?
True
Is 1281932754 a multiple of 24?
False
Is 59099979 a multiple of 77?
False
Is 33 a factor of 186722415?
True
Does 54 divide 1784058696?
True
Does 10652 divide 4111512220?
True
Is 3802651 a multiple of 12?
False
Does 133 divide 113685405?
False
Is 119 a factor of 72135573?
False
Is 2769194505 a multiple of 77?
True
Does 31 divide 10420402?
True
Is 712690782 a multiple of 1078?
False
Is 3312 a factor of 24670475?
False
Does 2213 divide 7269822289?
True
Is 7 a factor of 1468067?
False
Is 20561742 a multiple of 3?
True
Is 87 a factor of 35955724?
False
Does 1208 divide 856881512?
True
Does 6 divide 426782863?
False
Is 67 a factor of 2732821192?
True
Does 187 divide 396589413?
True
Is 10 a factor of 112065723?
False
Does 30 divide 3721864381?
False
Does 45 divide 238289373?
False
Does 65 divide 106144284?
False
Is 66607702 a multiple of 227?
True
Is 8184 a factor of 7546990176?
True
Does 5646 divide 659873941?
False
Is 1008469 a multiple of 398?
False
Is 125 a factor of 1988411794?
False
Is 70356911 a multiple of 175?
False
Does 9155 divide 1580482580?
True
Does 11 divide 88419056?
True
Does 301 divide 640170302?
False
Is 283145558 a multiple of 212?
False
Does 4140 divide 187864920?
True
Does 68 divide 664988868?
False
Is 22 a factor of 302783375?
False
Is 728249251 a multiple of 190?
False
Is 30750544 a multiple of 1516?
True
Is 19614012 a multiple of 44?
True
Does 49 divide 184498364?
False
Is 16 a factor of 17361536?
True
Does 11 divide 201708977?
False
Is 8015 a factor of 2422234286?
False
Is 10630 a factor of 701035606?
False
Is 50449707 a multiple of 7?
True
Does 149 divide 323335483?
False
Is 1216 a factor of 98307520?
True
Is 21123920 a multiple of 568?
True
Is 83988054 a multiple of 509?
True
Does 46 divide 14580206?
True
Does 58 divide 26892280?
True
Is 37859848 a multiple of 29?
True
Does 9 divide 895606452?
True
Is 31812334 a multiple of 14?
False
Is 72 a factor of 41663923?
False
Is 517953 a multiple of 80?
False
Is 2069 a factor of 56375373?
False
Does 1819 divide 89965879?
False
Is 7 a factor of 1120995640?
False
Is 18959520 a multiple of 744?
False
Is 39 a factor of 557713884?
True
Is 756 a factor of 244274271?
False
Does 3 divide 23645768?
False
Does 641 divide 38245370?
False
Is 95 a factor of 941321366?
False
Is 32 a factor of 5189916?
False
Is 78 a factor of 30933146?
False
Is 290857640 a multiple of 3059?
False
Is 6 a factor of 81915174?
True
Does 7799 divide 207992360?
False
Does 1115 divide 1058655943?
False
Does 618 divide 22317641?
False
Is 90 a factor of 1013984010?
True
Is 136 a factor of 7972924?
False
Does 3495 divide 3170097810?
True
Does 197 divide 3164066720?
False
Is 2294089 a multiple of 5?
False
Is 567549012 a multiple of 3314?
True
Is 45971316 a multiple of 74?
True
Is 33786969 a multiple of 103?
False
Is 729 a factor of 352107575?
False
Is 663730379 a multiple of 312?
False
Is 209 a factor of 17382530?
True
Is 69323656 a multiple of 16?
False
Is 62481761 a multiple of 1808?
False
Is 44767530 a multiple of 10?
True
Is 18 a factor of 121337532?
True
Is 2050 a factor of 86344978?
False
Is 5200 a factor of 1364660?
False
Is 5798 a factor of 481159878?
False
Is 2174166651 a multiple of 2817